60?
2106
In base 8, what is 21 + 2016?
2037
In base 12, what is -79 + 9b0b?
9a52
In base 7, what is -6 + -10303201?
-10303210
In base 4, what is 11 - 1210022?
-1210011
In base 3, what is 101101101 + 12?
101101120
In base 8, what is -1610 + 76?
-1512
In base 12, what is -33828 + 4?
-33824
In base 8, what is 4373 + 1672?
6265
In base 6, what is 0 - 303415?
-303415
In base 3, what is -100101101122 - -11?
-100101101111
In base 7, what is 10052651 + 1?
10052652
In base 11, what is a60282 + 3?
a60285
In base 7, what is -3 - -16403?
16400
In base 7, what is -4 - 323041?
-323045
In base 6, what is 241555 - 52?
241503
In base 10, what is -2 - 7012?
-7014
In base 11, what is -269 + 42?
-227
In base 10, what is -66 - -20970?
20904
In base 9, what is 11 - -237286?
237307
In base 11, what is 235 + -8a?
156
In base 3, what is 200012 + 221?
201010
In base 4, what is 3 + 1002322200?
1002322203
In base 8, what is 1501204 + 7?
1501213
In base 2, what is 101100101 + 1001100000?
1111000101
In base 8, what is -54341 + -13?
-54354
In base 16, what is 2e2 - 7c?
266
In base 11, what is 5 - -145a6a?
145a74
In base 5, what is 214 + -1232031?
-1231312
In base 16, what is -2 - -72a?
728
In base 4, what is 121322 + -100311?
21011
In base 7, what is -2250 + 15?
-2232
In base 15, what is -3 + 7421?
741d
In base 14, what is -26 - 877?
-89d
In base 6, what is 352113 - -323?
352440
In base 10, what is -3 + 4732?
4729
In base 9, what is 15 + -8165?
-8150
In base 7, what is 465 + -21?
444
In base 4, what is -23212320 - -10?
-23212310
In base 6, what is 13315 - -150?
13505
In base 14, what is 5 - -2637?
263c
In base 10, what is 14276 - -13?
14289
In base 11, what is a3 - -255a3?
25696
In base 11, what is 0 - -666189?
666189
In base 5, what is -143 - 2122?
-2320
In base 11, what is 3 + -27471?
-27469
In base 8, what is 1 - 1306005?
-1306004
In base 8, what is -251 + -17657?
-20130
In base 13, what is 1bc505c + -1?
1bc505b
In base 6, what is 3 + -5025423?
-5025420
In base 5, what is 21 + -11442342?
-11442321
In base 11, what is 37601 - 11?
375a0
In base 5, what is -4 - -103333401?
103333342
In base 14, what is -153d94 - -5?
-153d8d
In base 15, what is 64 - -65?
c9
In base 10, what is -214929 + -2?
-214931
In base 6, what is 222131 + 4?
222135
In base 9, what is -38 + -5048?
-5087
In base 10, what is 5 - 39728?
-39723
In base 9, what is -10581 - 4?
-10585
In base 5, what is -34001 + -4422?
-43423
In base 7, what is -132 + 412?
250
In base 15, what is -b1 + 97?
-19
In base 15, what is 1c3d4 + -4?
1c3d0
In base 2, what is 110110001100 + -10011001?
110011110011
In base 2, what is 101 + 11000111001?
11000111110
In base 10, what is 14 - 85814?
-85800
In base 2, what is 100 - -11001100001001?
11001100001101
In base 6, what is -11443 - -52?
-11351
In base 12, what is -38 - -105a?
1022
In base 2, what is -1101001 - -100000110111101?
100000101010100
In base 15, what is 3da87a + -3?
3da877
In base 12, what is 1080 + -36b?
911
In base 11, what is 935a - 0?
935a
In base 4, what is 12 + 10330103?
10330121
In base 4, what is 1002 + 12203?
13211
In base 8, what is 2525173 + 7?
2525202
In base 2, what is -100000001011 - 110?
-100000010001
In base 15, what is -82 - -124?
92
In base 4, what is 130100 + 22100?
212200
In base 11, what is 2 - -25903?
25905
In base 12, what is -156ba3 - -7?
-156b98
In base 8, what is 3 + -51217?
-51214
In base 16, what is 1edd4a - 3?
1edd47
In base 8, what is -227 + -4411?
-4640
In base 7, what is -40263 + -144?
-40440
In base 2, what is -1001011 - 11010111011?
-11100000110
In base 8, what is -250 + 567?
317
In base 5, what is 31011 + 24243?
110304
In base 10, what is -3665694 + 5?
-3665689
In base 10, what is 255 - 11?
244
In base 12, what is 30231 + -1?
30230
In base 8, what is 5503433 - -4?
5503437
In base 12, what is -23a851 - -5?
-23a848
In base 7, what is 103254 - -4?
103261
In base 2, what is -1001001111011 + 10101010?
-1000111010001
In base 11, what is -4371 + -3?
-4374
In base 13, what is 47 - -2b1?
328
In base 9, what is 1 - 676364?
-676363
In base 6, what is -15200 - 104?
-15304
In base 16, what is 66 + -119?
-b3
In base 4, what is -2100032303 - 10?
-2100032313
In base 10, what is 3 - 262994?
-262991
In base 5, what is 132320422 - -1?
132320423
In base 16, what is 2 - -7a937?
7a939
In base 11, what is 35752 + -4?
35749
In base 12, what is 5 + 8603?
8608
In base 11, what is 6 + -3111?
-3106
In base 13, what is -1516 + 1?
-1515
In base 7, what is -43025 + -12?
-43040
In base 16, what is -853e - -1?
-853d
In base 13, what is -49b07 + 1?
-49b06
In base 4, what is 0 - -2301101?
2301101
In base 8, what is -5 - 222715?
-222722
In base 8, what is 7146 + 203?
7351
In base 7, what is 156 + -2024?
-1535
In base 7, what is 10 - -21?
31
In base 5, what is -12 + 1024?
1012
In base 11, what is 11651 + -3?
11649
In base 6, what is 0 + -20520304?
-20520304
In base 3, what is 202 - -12020110002?
12020110211
In base 2, what is -1100100011110001000111 + -11?
-1100100011110001001010
In base 6, what is 105 + 330111?
330220
In base 12, what is -2 + -b76?
-b78
In base 4, what is -2112023 - -200?
-2111223
In base 10, what is -2085852 - -5?
-2085847
In base 9, what is -5 + 11002?
10886
In base 9, what is -70 - 51?
-131
In base 11, what is 983 - 40?
943
In base 12, what is -172 - -1061?
aab
In base 10, what is 6 - -2442?
2448
In base 8, what is 51 - -1374?
1445
In base 11, what is -915 - -13?
-902
In base 4, what is -12200 + -210?
-13010
In base 15, what is -ea + -5d8?
-6d3
In base 2, what is -111 - -11100110101100?
11100110100101
In base 16, what is -15a - -9?
-151
In base 10, what is 4 + -54279?
-54275
In base 4, what is 0 + 130231032?
130231032
In base 8, what is 35021 - -60?
35101
In base 6, what is -1000345 + 3?
-1000342
In base 13, what is -bc53 - 28?
-bc7b
In base 3, what is -11222110 + 11212?
-11210121
In base 10, what is 1 - -198144?
198145
In base 13, what is -6c - -148?
a9
In base 13, what is 11695 + -56?
1163c
In base 10, what is 336135 - 2?
336133
In base 3, what is 1002201211 - -1?
1002201212
In base 12, what is 3a5 - -2072?
2457
In base 3, what is 1220200022 - -2100?
1220202122
In base 8, what is 3 + -150750?
-150745
In base 13, what is -6c401 - 2?
-6c403
In base 10, what is -18359 - 6?
-18365
In base 6, what is 12 - 132?
-120
In base 2, what is -11100011111011 + -1111?
-11100100001010
In base 6, what is 0 - 11122025?
-11122025
In base 9, what is 2 - -17250?
17252
In base 5, what is -1 - 311204?
-311210
In base 8, what is -1463664 - -1?
-1463663
In base 9, what is 4 - -6855?
6860
In base 4, what is 2300 - -300?
3200
In base 5, what is -200 - -421?
221
In base 7, what is 132 + 225663?
226125
In base 4, what is -101030201120 + -10?
-101030201130
In base 5, what is 3344000 - 41?
3343404
In base 11, what is 251a761 + -2?
251a75a
In base 7, what is -120344 + 10?
-120334
In base 8, what is 4 - 771340?
-771334
In base 6, what is 1 - 202525?
-202524
In base 2, what is 10101110001001010 + -1011?
10101110000111111
In base 7, what is -23443050 + 0?
-23443050
In base 14, what is -5b4 - -25?
-58d
In base 5, what is -44 - -32?
-12
In base 12, what is 9b13 + -a?
9b05
In base 15, what is 7 - 1034e?
-10347
In base 15, what is 5296 + d1?
5377
In base 10, what is 130 + -14?
116
In base 10, what is -2414 - 17?
-2431
In base 6, what is -42043 - -25?
-42014
In base 15, what is -2 - -43bbb?
43bb9
In base 4, what is 313 - 231231?
-230312
In base 4, what is 100201203321 + -3?
100201203312
In base 12, what is 74475 - 9?
74468
In base 7, what is 20530 + -36?
20461
In base 13, what is 25 + -1b52c?
-1b507
In base 2, what is -111100 + 101010000?
100010100
In base 2, what is 10101100 + -11000011001?
-10101101101
In base 6, what is 2 + -4125152?
-4125150
In base 12, what is 5b54a - b?
5b53b
In base 15, what is 466 + b?
472
In base 4, what is -23210300 - -3?
-23210231
In base 10, what is -423 + 24?
-399
In base 8, what is -1 + 115757?
115756
In base 14, what is d + -1029?
-101a
In base 9, what is 4185 - 112?
4073
In base 11, what is 11339 - 5?
11334
In base 15, what is -7 - 5c30?
-5c37
In base 6, what is 100432 + 23?
100455
In base 11, what is -1 + -a42?
-a43
In base 7, what is -16463 + 1255?
-15205
In base 2, what is -100110101 - 10111?
-101001100
In base 11, what is 11 + -551a?
-5509
In base 13, w